 + 9*x + 8. Suppose -24 = 6*s - 3*s. Let m be n(s). Calculate v(m).
-4
Let h(y) be the first derivative of 3*y**2 + 6*y - 17. Determine h(-6).
-30
Let q = -4 + 6. Let u(y) = 1 - 3*y + 3*y**2 - 4*y**2 + 2*y**2. What is u(q)?
-1
Let m(v) = v - 4. Let t be m(6). Suppose -3*j - t = 1. Let i = j + 0. Let b(f) = 11*f + 1. Determine b(i).
-10
Let t(o) = 5*o + 3. Let r(g) = -11*g - 7. Let c(p) = -4*r(p) - 9*t(p). Give c(6).
-5
Let k be (-2)/(-4) + 56/16. Let n(h) = -4*h + 6. Give n(k).
-10
Let a = 4 - 1. Let v(z) = -3 - 5*z + 2 + a*z. Calculate v(-5).
9
Let h(f) = -f**2 - 2*f - 2. Let t be (-2)/(3*(-2)/(-9)). Determine h(t).
-5
Let v(t) = -3*t - 2. Let a be v(-2). Suppose 6*l - 2 = a*l. Let u(q) = -4*q + 1. Determine u(l).
-3
Let o(p) = -13*p**3 + p**2 + 3*p - 1. Let i(t) = 27*t**3 - 2*t**2 - 5*t + 2. Let a(h) = -3*i(h) - 5*o(h). Calculate a(1).
-16
Let x(s) = 5*s**2 - s. Let r(w) = w**2 + w + 1. Let j(t) = -4*r(t) + x(t). Calculate j(5).
-4
Let y be 2/(-10) + (-22)/(-10). Let c(d) = -5*d + y*d**3 + 5*d**2 - d**3 - 6 + 2*d + d. Let r(h) = h**2 + 6*h. Let s be r(-5). Determine c(s).
4
Let k(q) = -q**3 - 10*q**2 - 10*q - 9. Suppose -4*s - 18 = 2*a + 30, 2*s = 2*a + 42. Let h = a + 13. Let l be k(h). Let y(m) = -m**3 - m + 6. Give y(l).
6
Let j(d) = -d - 1. Let h be (-1 + -2)/((-6)/(4 - 10)). Calculate j(h).
2
Let w(l) = l**3 - l**2 - l - 1. Suppose -15 = 7*i - 2*i. Let c be (-5)/(0 + 2 + i). Suppose -c*d + 6 = -2*d. Determine w(d).
1
Let b = -18 - -16. Let y(a) = -2*a - 2*a + 2 + a. Calculate y(b).
8
Let y be (21/(-14))/((-1)/2). Let r(p) = -p + 4. Let t(k) = -k + 4. Let w(b) = 6*r(b) - 7*t(b). Calculate w(y).
-1
Let f be (-8)/5 - (-2)/(-5). Let n(o) = o**3 - o + 1. Calculate n(f).
-5
Let v(i) = -i**3 - 3*i**2 + 4*i + 4. Suppose -11 = 6*o + 13. Give v(o).
4
Let m(u) = -2*u**3 + 2*u**2 - 1. Let c(k) = -k**3 + k**2 - 1. Let y(q) = 13*c(q) - 6*m(q). Give y(0).
-7
Let g(n) = n**2 - 1. Let b(t) = -3*t + 2. Let x(a) = b(a) + 2*g(a). Let f(j) = -j**3 - 7*j**2 - j - 3. Let w be f(-7). Calculate x(w).
20
Suppose -22 = -5*d + 3. Let s = -11 + d. Let c(z) = -z**3 - 6*z**2 - 3*z - 8. Determine c(s).
10
Let i(z) = -6*z - 4. Let p(t) = 5*t + 4. Let o(u) = -4*i(u) - 5*p(u). Calculate o(-6).
2
Suppose j + 2 = -0*j, -3*w - 3*j + 6 = 0. Let v(l) = -l**2 + 0 + 0 + 6*l + 1. Give v(w).
9
Let q(w) be the third derivative of -w**4/6 + w**3/6 - 2*w**2. Let f be ((-1)/(-4))/(8/32). What is q(f)?
-3
Suppose -2 = 2*r - 2*a, 0*r = 2*r - 4*a - 4. Let t(w) = w**2 + 2*w + 5. Determine t(r).
13
Let c be (-1)/2 - (-30)/4. Let n(p) = -5 - 13*p + p**2 + c*p - 2*p**2. What is n(-6)?
-5
Let q(n) be the second derivative of n**7/2520 - n**6/360 + n**5/40 + n**4/12 - 3*n. Let o(w) be the third derivative of q(w). What is o(3)?
6
Let a be ((-12)/8)/(1*-3). Let x(p) be the first derivative of 3*p - 1/3*p**3 + a*p**2 + 2. What is x(-3)?
-9
Let a(f) be the second derivative of -f**3/6 - f**2/2 - 3*f. Give a(-5).
4
Let t(i) be the first derivative of 4*i - i**2 + i**2 - 2*i**2 - 2. What is t(3)?
-8
Let b(q) = 5*q. Let i(z) be the third derivative of z**6/120 + 2*z**5/15 + z**4/4 - z**3/6 - z**2. Let y be i(-7). Suppose -2*m = -5*m - y. Determine b(m).
-10
Suppose -5*h + 0*x - 9 = -x, 0 = -2*h + 2*x - 2. Let w(j) = -16 + 11*j - 10*j + 19 + 6*j. Calculate w(h).
-11
Let s(p) = 3*p - 5. Let a be s(0). Let i(d) = -3*d + 2. Give i(a).
17
Let q(r) be the second derivative of r**4/4 + r**2/2 - 7*r. Let i = 0 + -1. Give q(i).
4
Let g be (-2)/3 - (-1)/(-3). Let v(f) be the first derivative of 3*f**4/4 + f**3/3 + f**2 + f + 16. Calculate v(g).
-3
Let w(o) = -3*o**3 + 3*o**2 + 9*o. Let m(q) = 4*q**3 - 5*q**2 - 13*q. Let c(n) = 5*m(n) + 7*w(n). Determine c(-3).
-3
Let o = 1 - -4. Let g(j) be the first derivative of 3*j**2/2 - 38. Calculate g(o).
15
Let d(h) = -4*h**3 - 6*h**2 + 2. Let y(r) be the second derivative of -r**5/4 - r**4/2 + r**3/6 + r**2/2 - r. Let g(k) = -4*d(k) + 3*y(k). What is g(-5)?
5
Let q = 84 - 79. Let t(v) be the third derivative of 0*v + 1/24*v**4 + 0 - 1/60*v**q - 1/120*v**6 + 5/6*v**3 - v**2. What is t(0)?
5
Suppose -20 = -2*d - 2*d, 0 = 4*f + 4*d - 8. Let b(w) be the third derivative of -w**6/120 - w**5/20 + w**4/24 + w**3/2 + w**2. Determine b(f).
0
Let j(q) = 0 - 2*q**2 - 2*q + 2 + 0*q. Let x be (-1)/(-2)*(-6 + 2). Calculate j(x).
-2
Let i(y) be the second derivative of -1/2*y**3 + 0*y**2 + 1/3*y**4 + 0 + 1/20*y**5 - 3*y. Give i(-4).
12
Suppose 2*m - 2*b - 14 = 0, 0*b - 9 = m + 3*b. Let w(t) = 2*t - 6*t + 4 + 6*t - t**3 + 0*t - m*t**2. What is w(-3)?
-2
Let c(l) be the third derivative of l**7/2520 + l**6/144 + l**5/60 - l**4/24 + 3*l**2. Let i(k) be the second derivative of c(k). What is i(-4)?
-2
Let h(c) = c**2 - c - 20. Suppose 4*o + o = -o. Give h(o).
-20
Let p(o) be the first derivative of o**3/3 + 3*o**2/2 - 6*o - 1. What is p(-5)?
4
Let q(c) = -2 + 7 + 5 + 2*c. Give q(-7).
-4
Suppose -3*k - 2*k = -10. Let g(q) = -6*q**3 + 2*q**2 + 2*q - 3. Let m(n) = -n**3 - n**2 - n + 1. Let i(b) = k*m(b) + g(b). Give i(-1).
7
Let x(a) = -a + 5*a + 13*a. Determine x(-1).
-17
Let y = -104 - -98. Let b(t) = t + 7. Determine b(y).
1
Let m(v) be the third derivative of v**5/60 - v**4/6 + v**3 - 2*v**2. Suppose -8 - 2 = -5*h. Suppose 0 = n + h*n - 12. Determine m(n).
6
Let u(r) = 3*r + 1. Let j = 4 + -5. What is u(j)?
-2
Let k(l) = l**2. Let d(o) = -3*o**2 - o - 6. Let v(f) = d(f) + 4*k(f). Let x be ((-15)/9)/((-2)/(-6)). Let i be (x - -2)/(-3) - 1. Calculate v(i).
-6
Let r be (-92)/16 - (-1 - 3/(-12)). Let n(l) = l + 7. Determine n(r).
2
Let o(x) = -2*x + 154 + 8*x - 152. What is o(-4)?
-22
Let w be (2 + 1)/(-3) - -3. Let s(y) = 0*y**2 + w*y**2 + 3 + 4 + 5*y + 4*y**2 + y**3. What is s(-5)?
7
Suppose k + 5*s = -4, k + 2*s - 8 = -k. Let x(b) = b**3 - 6*b**2 + b - 3. Calculate x(k).
3
Let z = -16 + 12. Let a = 2 - 3. Let o(w) = -w. Let n(j) = -j**2 - j - 6. Let f(v) = a*n(v) - 5*o(v). Determine f(z).
-2
Let o(l) = l**3 + 3*l**2 - 1. Suppose -3*z + 0 = -5*y - 22, -2*y = -4*z + 6. What is o(z)?
1
Let u(l) = 5*l**2 - 2. Let v(c) = 6*c**2 - 3. Let p(r) = 7*u(r) - 6*v(r). Determine p(3).
-5
Let x(b) be the third derivative of -b**4/12 - 2*b**3/3 - 5*b**2. Let h be 4/(-1)*(-11)/(-4). Let m = h - -7. Give x(m).
4
Let v(l) = l**3 - l**2 + l + 6. Suppose 0 = x - 7*x. Give v(x).
6
Let q(u) = -u**2 + 5*u + 2. Let y(l) = -l**3 - 10*l**2 - l - 7. Let o be y(-10). Suppose 3 = a - 2*h - o, 3*a + 2*h - 10 = 0. Give q(a).
6
Let o(u) = u**2 - 3*u + 3. Let q(r) be the first derivative of -2*r**3/3 + 5*r**2/2 - 5*r + 6. Let a(c) = 5*o(c) + 3*q(c). Suppose b - 4 = 5*b. Determine a(b).
-1
Let u(r) = 12*r. Let a = -42 + 43. What is u(a)?
12
Let q(s) = -18*s + 24. Let y(k) = 6*k - 6. Let t(d) = d - 1. Let z(n) = 11*t(n) - 2*y(n). Let h(x) = q(x) - 24*z(x). Calculate h(-1).
-6
Let c(o) = -1. Let s(r) = -5*r + 2. Let i be 1*(1 + -4) - -2. Let f(j) = i*s(j) - c(j). What is f(1)?
4
Let j(a) = 2*a**3 + a**2 - 3*a + 2. Let n be j(-2). Let c(q) = -q**3 - 4*q**2 - 2*q. Calculate c(n).
8
Let g(y) = -10*y + 1. Let w = 1 + 0. Let t be -3*1*w/3. Give g(t).
11
Let n(l) be the first derivative of -l**4/4 - 2*l**3/3 - l**2/2 + 2*l + 4. Let a = 3 + 1. Suppose -20 = -9*w + a*w, -w = -5*o - 14. Determine n(o).
4
Let h = 0 + 5. Let w(d) = 4 - h - 2*d + 0*d. Let r be 0 + -3 - (1*-2 + 1). Determine w(r).
3
Let i(c) be the third derivative of 0*c**3 + 0 + 1/6*c**4 - 5*c**2 + 0*c. Determine i(-3).
-12
Let p(j) = j**2 - 7*j - 1. Suppose -3*f + 18 = 3*d, 5*f + 6*d = 2*d + 31. Give p(f).
-1
Suppose 2*l + 4 = 2*a + 3*a, 2*l = -3*a - 4. Let h(k) = -5*k**2 - 3. Let z(w) = 6*w**2 - w + 4. Let j(u) = -4*h(u) - 3*z(u). Determine j(l).
2
Let g = 8 + -5. Suppose 12 = 5*p + 2*u, -5 = -0*p - 2*p - u. Let i(a) = 0 - 2 + 2*a**2 + 4*a - 3*a**p. Determine i(g).
1
Let b(n) = 2*n**2 + 2*n - 6*n**2 + 3 - 4 + 3*n**2. Suppose 2*s - 10 = -3*s. Give b(s).
-1
Let h(c) = c + 10. Let w be h(-7). Let p = 2 + w. Let n(d) = 0 + d**2 - p + 0 - 2*d. Give n(4).
3
Let q(w) = w**3 + 6*w**2 + 4*w - 3. Let x(i) = -i - 7. Let s be x(-6). Let h = 1 - s. Let f(y) = -y**3 + y**2 - y + 1. Let d be f(h). What is q(d)?
2
Let n(v) = v**2 - 3*v. Let r be 5*(2 - 3)/(-1). Give n(r).
10
Let y(q) = -q**3 + 4*q**2 + 5*q - 3. Suppose 5*b = 2*x + 29, -1 = 5*b + 5*x - 16. What is y(b)?
-3
Le